git of u(5)?
9
Suppose -5 = 4*v + 3*n - 25, 3*v - 15 = 5*n. Let h(g) = 20*g + 26. Let m be h(v). Suppose 110*z - 109*z - m = 0. What is the units digit of z?
6
Let k(m) = 227*m**2 + 42*m - 250. What is the ten thousands digit of k(7)?
1
Suppose -5*r = 3*t + 833, 5*r - 3 = -23. Suppose -w = x + 64 + 48, 0 = -2*x - 5*w - 212. Let k = x - t. What is the hundreds digit of k?
1
Suppose -2 = f + v - 12, 5*f - 2*v = 57. Suppose -f*p + 13*p = -102. Let j = 5 - p. What is the units digit of j?
6
Suppose 0 = -9*z + 27 + 9. Suppose n + q - 724 = 0, 0 = -0*n + z*n + q - 2884. What is the hundreds digit of n?
7
Suppose n - 3*b - 569 = 0, -6*n + 4*n = 4*b - 1088. Suppose -q - 4*p - n = -3*q, 2*q = -p + 579. What is the hundreds digit of q?
2
What is the units digit of (1827/1015)/(3/23425)?
5
Let w = 19539 - 9314. What is the thousands digit of w?
0
Let g(y) = 89*y**2 - 113*y - 134. What is the hundreds digit of g(15)?
1
Let r(a) = -2*a - 28. Let n be r(-7). Let x = n + 107. Let f = 108 + x. What is the units digit of f?
1
Let b(s) = s**3 - 26*s**2 - 59*s + 86. Let x be b(26). Let g = -580 - x. What is the hundreds digit of g?
8
Let d = -859 - -864. Suppose 0 = d*z - 2*z - 2847. What is the units digit of z?
9
Suppose 647 = 29*i - 4254. Suppose -u - 594 = -3*c + i, -c + 5*u = -273. What is the hundreds digit of c?
2
Let t be (4 - -14)/((-2)/(-2)). Suppose -26*p + 2072 = -t*p. What is the hundreds digit of p?
2
Let d be (4 - 58)*((-57)/9 - -1). Let m = -53 + d. Suppose 0*o + m = o. What is the hundreds digit of o?
2
Suppose -3*n = 5*v - 51, 0 = 4*n - 8. What is the units digit of 14 + 0 + (v - 33)/(-6)?
8
Let x = 22371 + -12665. What is the units digit of x?
6
Suppose -3*c + 0*v + 18987 = 5*v, 5*v + 31645 = 5*c. What is the thousands digit of c?
6
Let l(z) = 2*z**3 + 39*z**2 - 20*z - 26. Let w be l(-20). Let h be (1 - 114)*w/(-13). Let t = -61 - h. What is the tens digit of t?
6
Let v be (-76)/(-18) - (-32)/(-144). Suppose -2*y + v*y = -t + 10, -3*t = -y + 5. Suppose t = 7*k - 16*k + 621. What is the tens digit of k?
6
Let p(c) = 46*c + 11. Let y(w) = 139*w + 32. Let t = 55 + -52. Let j(z) = t*y(z) - 8*p(z). What is the units digit of j(1)?
7
Suppose -10 = 2*l, -x = 2*x - 4*l - 62. Let h be ((-4)/x)/((-2)/14). What is the units digit of 246/20*h*5?
3
Suppose 5*i + 351 + 49 = 0. Let r = -78 - i. Suppose 0 = 4*b - 2*o - 610, 150 = b + r*o - 0*o. What is the hundreds digit of b?
1
Let o = -8991 - -71260. What is the ten thousands digit of o?
6
Let r = 22357 + 5557. What is the tens digit of r?
1
Suppose -4*s + 16 = 0, v - 3*s - 4548 = -v. Suppose -8*f + v = 11*f. What is the hundreds digit of f?
1
Let q be 2 - 3 - (-12225)/3. Suppose 0 = -12*x + 5*x + q. What is the units digit of x?
2
Let t(g) = g**3 - 107*g**2 + 82*g - 241. What is the units digit of t(107)?
3
Suppose 31328 = 2*s + j, -58*j + 55*j - 31336 = -2*s. What is the tens digit of s?
6
Let s = -87 + 59. Let x = s + 30. Suppose 0 = -x*q + 3*q - 55. What is the tens digit of q?
5
Suppose 0 = -12*w + 43*w + 18321. Let a = w - -1052. What is the tens digit of a?
6
Let p = -5 + -16. Suppose 6*z + 193 - 229 = 0. What is the tens digit of (-2 + p/z)*-10?
5
Suppose 0 = z - 5*u - 29652, -23*u = -25*u - 16. What is the tens digit of z?
1
Let q be ((-36)/(-40)*-8)/(12/(-30)). What is the hundreds digit of 30722/q + 2/9?
7
Suppose 0 = -3*p + z + 9428, -2*p - 2*p - z = -12580. What is the units digit of -1 + 11/(44/p)?
5
Let k(o) = 4*o**3 + 8*o**2 + 15. Let y be k(-6). Let n be (-4)/(-18) - 1*y/27. Let w(d) = d**3 - 21*d**2 + 5*d - 21. What is the tens digit of w(n)?
8
Let a be 140*-1*288/120. What is the units digit of a/7*74/(-8)?
4
Let q = -50 + 55. Suppose -q*g - 3*i - 3 - 14 = 0, 16 = -4*i. What is the units digit of (0 + g)*435/(-15)?
9
Let d(r) = r**3 + 23*r**2 + 20*r + 21. Let p(n) = -n**2 + 20. Let a be p(4). Suppose 0 = -5*h - a*o + o - 101, -113 = 5*h - o. What is the tens digit of d(h)?
6
Let u = -4 - -6. Let t(a) = a**3 - 2*a**2 + a + 1. Let r be t(u). What is the units digit of (-81)/(-54)*70/r?
5
Suppose -t = 3*b + 3, 5*t + 0*b - b = 17. Let f(u) = 20*u**3 + 3*u**2 - 4*u + 6. Let j be f(t). Let i = -335 + j. What is the hundreds digit of i?
2
Suppose -11*d = -53 + 20. Suppose -4*y - 566 = -3*w + 205, 3*w - 750 = -d*y. What is the hundreds digit of w?
2
Suppose -699*i = 13898788 - 40084027. What is the tens digit of i?
6
Let x be (20/25)/(4/15220). Let m = -2129 + x. What is the units digit of m?
5
Suppose -90*m - 32*m = 66*m - 5368904. What is the hundreds digit of m?
5
Suppose 3*w - 2535 = 17211. What is the units digit of w?
2
Let w(o) = o - 27. Let c be w(-10). Let h = 43 + c. What is the units digit of 280/h - (30/(-9) - -3)?
7
What is the thousands digit of 11 + 0 + -28 + 3283?
3
What is the hundreds digit of (-442*(-1)/(-5))/((-512)/53760)?
2
Suppose 0 = -22*m - 5*m + 1026. Suppose -4036 = -4*z - 4*x, 2*x + m - 1050 = -z. What is the hundreds digit of z?
0
Suppose -4*q + x + 0*x = -20, -q + 2*x + 5 = 0. Suppose -q = 2*y - 9. Suppose -y*h = -22 + 14. What is the units digit of h?
4
Let s = -5079 + 17651. What is the tens digit of s?
7
Let p = -200 - -200. Suppose -58*t + 5592 + 61978 = p. What is the units digit of t?
5
Let j = 20523 - 11832. What is the tens digit of j?
9
Let c(s) = -s**3 - 25*s**2 + 14*s + 61. Let u be c(-26). Suppose -4*t + 375 + u = 0. What is the tens digit of t?
8
Let x = -4638 + 5574. What is the hundreds digit of x?
9
Suppose 51*z = 50*z + 7025. What is the thousands digit of z?
7
Suppose 2*w = -5*y + 40 + 200, 3*y = -3*w + 144. Let c = 246 - y. Suppose c = 2*n - 4*m, 51 = n + 3*m - 23. What is the units digit of n?
9
Let v(l) = 34211*l - 367. What is the units digit of v(1)?
4
Let p(s) = s**3 - s**2 + 2*s + 83. Let k = -70 - -75. Suppose 5 = k*l + 5*t, 6*t = 3*l + 3*t + 3. What is the units digit of p(l)?
3
Suppose 46*d - 11*d - 3*d - 406112 = 0. What is the hundreds digit of d?
6
Let t(i) = -87*i - 304. What is the units digit of t(-69)?
9
Suppose 0 = 3*n - 2*p - 15834, 12*n - 11*n + 4*p = 5264. What is the thousands digit of n?
5
Suppose 1589 = k - 5*v, -6524 = -4*k + 6*v - 10*v. What is the thousands digit of k?
1
What is the hundreds digit of -3 + -1 + (-210)/(-45)*51?
2
Suppose 99*u + 1375920 = 127*u. What is the hundreds digit of u?
1
Suppose -43*s - 107999 = -350519. What is the thousands digit of s?
5
Let u = 2948 - 1638. What is the hundreds digit of u?
3
Suppose 4*h - 12 = 3*f + f, h - 9 = -2*f. Let q be 62/155*(5 + 0/f). What is the tens digit of (22/5 - q)*210/4?
2
Suppose 4*l - 19637 = -3*z, l + 39*z - 4938 = 44*z. What is the thousands digit of l?
4
Let v = -64 + 66. Suppose -3*z = -2*t - 334, v*z + 113 = 3*z + t. Suppose -4*r + z - 20 = 0. What is the units digit of r?
3
Let v(r) = -12*r**2 - 37*r - 4. Let a be v(-3). Let b(m) = 155*m**2 - 4*m - 6. What is the hundreds digit of b(a)?
1
Let x(j) = 13*j - 12. Let z(i) = -7*i + 6. Let q(f) = 6*x(f) + 11*z(f). Let o be q(4). Let w(b) = 36*b**2 - 3*b - 1. What is the hundreds digit of w(o)?
1
Let a(w) = w**2 - 7*w + 12. Let l be a(4). Suppose -2*s - 2*n + 2036 = 0, l = -s + n + 1377 - 355. What is the thousands digit of s?
1
Let b = -2980 - -11452. What is the thousands digit of b?
8
What is the tens digit of 16 + -11 - -11978 - -12?
9
Suppose 5*y - 2*y - 14801 = -u, 29617 = 2*u + 3*y. What is the ten thousands digit of u?
1
Suppose -5*b + 276105 = 5*z, -3*b = z - 2*z - 165627. What is the thousands digit of b?
5
Let o(s) = -1423*s - 7401. What is the units digit of o(-24)?
1
Suppose 2*q - 4*x - 23062 = 0, q - x = 14996 - 3459. What is the ten thousands digit of q?
1
Let p = 29171 - -9628. What is the thousands digit of p?
8
Let k(l) = -13*l**3 - l**2 - 3*l - 10. Let o be k(-2). Suppose 2*t + o - 425 = -5*s, -3*t - 5*s = -496. What is the tens digit of t?
6
Let l(w) be the third derivative of 37*w**7/1260 + w**6/240 + w**5/12 - 21*w**2. Let j(s) be the third derivative of l(s). What is the tens digit of j(1)?
5
Let o = 176 + -351. What is the tens digit of o*(3 - 198/42)?
0
Let p(h) = 1245*h**3 - 11*h**2 - 2*h + 37. What is the units digit of p(2)?
9
What is the tens digit of 12 + (-24 - (-57832 - 11))?
3
Let v = -4509 - -14422. What is the units digit of v?
3
Suppose 0 = 3023*x - 2831*x - 10479552. What